{"id":1416,"date":"2021-11-14T12:10:11","date_gmt":"2021-11-14T11:10:11","guid":{"rendered":"https:\/\/demosites.royal-elementor-addons.com\/car-rent-v1\/?post_type=product&#038;p=1416"},"modified":"2026-02-26T08:50:54","modified_gmt":"2026-02-26T07:50:54","slug":"1416","status":"publish","type":"product","link":"https:\/\/sattrans.org\/?product=1416","title":{"rendered":"TOYOTA COROLLA DROGBA"},"content":{"rendered":"<h2 data-start=\"169\" data-end=\"213\">???? <strong data-start=\"175\" data-end=\"213\">Toyota Corolla 2005 \u2013 C\u2019est quoi ?<\/strong><\/h2>\n<p data-start=\"215\" data-end=\"423\">La <strong data-start=\"218\" data-end=\"241\">Toyota Corolla 2005<\/strong> est une <strong data-start=\"250\" data-end=\"270\">berline compacte<\/strong> (voiture 4 portes) produite par <strong data-start=\"303\" data-end=\"313\">Toyota<\/strong>, un constructeur japonais r\u00e9put\u00e9 pour la <strong data-start=\"355\" data-end=\"368\">fiabilit\u00e9<\/strong> de ses voitures.<\/p>\n<p data-start=\"425\" data-end=\"521\">Elle fait partie de la <strong data-start=\"448\" data-end=\"465\">9\u1d49 g\u00e9n\u00e9ration<\/strong> des Corolla, tr\u00e8s populaire dans le monde entier pour :<\/p>\n<ul data-start=\"522\" data-end=\"657\">\n<li data-start=\"522\" data-end=\"546\">\n<p data-start=\"524\" data-end=\"546\">sa <strong data-start=\"527\" data-end=\"541\">durabilit\u00e9<\/strong> ????<\/p>\n<\/li>\n<li data-start=\"547\" data-end=\"581\">\n<p data-start=\"549\" data-end=\"581\">la <strong data-start=\"552\" data-end=\"576\">facilit\u00e9 d\u2019entretien<\/strong> ????<\/p>\n<\/li>\n<li data-start=\"582\" data-end=\"657\">\n<p data-start=\"584\" data-end=\"657\">sa <strong data-start=\"587\" data-end=\"615\">consommation raisonnable<\/strong> \u26fd<\/p>\n<h3 data-start=\"744\" data-end=\"769\"><strong data-start=\"751\" data-end=\"769\">Moteur essence<\/strong><\/h3>\n<\/li>\n<\/ul>\n","protected":false},"excerpt":{"rendered":"<p>???? Toyota Corolla 2005 \u2013 C\u2019est quoi ? La Toyota Corolla 2005 est une berline compacte (voiture 4 portes) produite par Toyota, un constructeur japonais r\u00e9put\u00e9 pour la fiabilit\u00e9 de ses voitures. Elle fait partie de la 9\u1d49 g\u00e9n\u00e9ration des Corolla, tr\u00e8s populaire dans le monde entier pour : sa durabilit\u00e9 ???? la facilit\u00e9 d\u2019entretien ???? sa consommation raisonnable \u26fd Moteur essence<\/p>\n","protected":false},"featured_media":1721,"comment_status":"open","ping_status":"closed","template":"","meta":[],"product_brand":[],"product_cat":[48,58],"product_tag":[52],"model":[],"class_list":{"0":"post-1416","1":"product","2":"type-product","3":"status-publish","4":"has-post-thumbnail","6":"product_cat-jeep","7":"product_cat-sport","8":"product_tag-mercedes","10":"first","11":"instock","12":"shipping-taxable","13":"purchasable","14":"product-type-simple"},"acf":[],"_links":{"self":[{"href":"https:\/\/sattrans.org\/index.php?rest_route=\/wp\/v2\/product\/1416","targetHints":{"allow":["GET"]}}],"collection":[{"href":"https:\/\/sattrans.org\/index.php?rest_route=\/wp\/v2\/product"}],"about":[{"href":"https:\/\/sattrans.org\/index.php?rest_route=\/wp\/v2\/types\/product"}],"replies":[{"embeddable":true,"href":"https:\/\/sattrans.org\/index.php?rest_route=%2Fwp%2Fv2%2Fcomments&post=1416"}],"wp:featuredmedia":[{"embeddable":true,"href":"https:\/\/sattrans.org\/index.php?rest_route=\/wp\/v2\/media\/1721"}],"wp:attachment":[{"href":"https:\/\/sattrans.org\/index.php?rest_route=%2Fwp%2Fv2%2Fmedia&parent=1416"}],"wp:term":[{"taxonomy":"product_brand","embeddable":true,"href":"https:\/\/sattrans.org\/index.php?rest_route=%2Fwp%2Fv2%2Fproduct_brand&post=1416"},{"taxonomy":"product_cat","embeddable":true,"href":"https:\/\/sattrans.org\/index.php?rest_route=%2Fwp%2Fv2%2Fproduct_cat&post=1416"},{"taxonomy":"product_tag","embeddable":true,"href":"https:\/\/sattrans.org\/index.php?rest_route=%2Fwp%2Fv2%2Fproduct_tag&post=1416"},{"taxonomy":"model","embeddable":true,"href":"https:\/\/sattrans.org\/index.php?rest_route=%2Fwp%2Fv2%2Fmodel&post=1416"}],"curies":[{"name":"wp","href":"https:\/\/api.w.org\/{rel}","templated":true}]}}