{"id":1415,"date":"2023-11-14T12:06:17","date_gmt":"2023-11-14T11:06:17","guid":{"rendered":"https:\/\/demosites.royal-elementor-addons.com\/car-rent-v1\/?post_type=product&#038;p=1415"},"modified":"2026-02-19T09:48:03","modified_gmt":"2026-02-19T08:48:03","slug":"bmw-2-series","status":"publish","type":"product","link":"https:\/\/sattrans.org\/?product=bmw-2-series","title":{"rendered":"BMW 2 Series"},"content":{"rendered":"<p>Le\u00a0<strong data-start=\"21\" data-end=\"37\">Lexus RX 350<\/strong>\u00a0est un SUV de luxe de taille moyenne produit par\u00a0<strong data-start=\"87\" data-end=\"96\">Lexus<\/strong>, la marque haut de gamme du constructeur japonais\u00a0<strong data-start=\"147\" data-end=\"157\">Toyota<\/strong>. Introduit pour la premi\u00e8re fois en 2006, il fait partie de la gamme\u00a0<strong data-start=\"227\" data-end=\"239\">Lexus RX<\/strong>, l\u2019un des mod\u00e8les les plus vendus de la marque, r\u00e9put\u00e9 pour son confort, sa fiabilit\u00e9 et sa conduite silencieuse.<\/p>\n<h3 data-start=\"355\" data-end=\"369\">Faits cl\u00e9s<\/h3>\n<ul data-start=\"371\" data-end=\"648\">\n<li data-start=\"371\" data-end=\"411\">\n<p data-start=\"373\" data-end=\"411\"><strong data-start=\"373\" data-end=\"383\">Type :<\/strong>\u00a0SUV de luxe interm\u00e9diaire<\/p>\n<\/li>\n<li data-start=\"412\" data-end=\"464\">\n<p data-start=\"414\" data-end=\"464\"><strong data-start=\"414\" data-end=\"426\">Moteur :<\/strong>\u00a0V6 essence 3,5 L (selon g\u00e9n\u00e9ration)<\/p>\n<\/li>\n<li data-start=\"465\" data-end=\"541\">\n<p data-start=\"467\" data-end=\"541\"><strong data-start=\"467\" data-end=\"485\">Transmission :<\/strong>\u00a0Automatique \u00e0 8 rapports, traction avant ou int\u00e9grale<\/p>\n<\/li>\n<li data-start=\"542\" data-end=\"590\">\n<p data-start=\"544\" data-end=\"590\"><strong data-start=\"544\" data-end=\"560\">Production :<\/strong>\u00a0Depuis 2006 (mod\u00e8le RX 350)<\/p>\n<\/li>\n<li data-start=\"591\" data-end=\"648\">\n<p data-start=\"593\" data-end=\"648\"><strong data-start=\"593\" data-end=\"609\">Concurrent :<\/strong>\u00a0BMW X5, Mercedes-Benz GLE, Acura MDX<\/p>\n<h3 data-start=\"504\" data-end=\"526\">???? Points forts ????<\/h3>\n<p data-start=\"527\" data-end=\"750\">\u2714\ufe0f Int\u00e9rieur tr\u00e8s luxueux (cuir, finitions premium)<br data-start=\"578\" data-end=\"581\" \/>\u2714\ufe0f Tr\u00e8s confortable pour longs trajets<br data-start=\"619\" data-end=\"622\" \/>\u2714\ufe0f Fiabilit\u00e9 reconnue (moins de pannes)<br data-start=\"661\" data-end=\"664\" \/>\u2714\ufe0f Bonne valeur de revente<br data-start=\"690\" data-end=\"693\" \/>\u2714\ufe0f Syst\u00e8me multim\u00e9dia moderne<br data-start=\"722\" data-end=\"725\" \/>\u2714\ufe0f Bonne tenue de route<\/p>\n<\/li>\n<\/ul>\n","protected":false},"excerpt":{"rendered":"<p>Le\u00a0Lexus RX 350\u00a0est un SUV de luxe de taille moyenne produit par\u00a0Lexus, la marque haut de gamme du constructeur japonais\u00a0Toyota. Introduit pour la premi\u00e8re fois en 2006, il fait partie de la gamme\u00a0Lexus RX, l\u2019un des mod\u00e8les les plus vendus de la marque, r\u00e9put\u00e9 pour son confort, sa fiabilit\u00e9 et sa conduite silencieuse. Faits cl\u00e9s Type :\u00a0SUV de luxe interm\u00e9diaire Moteur :\u00a0V6 essence 3,5 L (selon g\u00e9n\u00e9ration) Transmission :\u00a0Automatique \u00e0 8 rapports, traction avant ou int\u00e9grale Production :\u00a0Depuis 2006 (mod\u00e8le RX 350) Concurrent :\u00a0BMW X5, Mercedes-Benz GLE, Acura MDX ???? Points forts ???? \u2714\ufe0f Int\u00e9rieur tr\u00e8s luxueux (cuir, finitions premium)\u2714\ufe0f Tr\u00e8s confortable pour longs trajets\u2714\ufe0f Fiabilit\u00e9 reconnue (moins de pannes)\u2714\ufe0f Bonne valeur de revente\u2714\ufe0f Syst\u00e8me multim\u00e9dia moderne\u2714\ufe0f Bonne tenue de route<\/p>\n","protected":false},"featured_media":1671,"comment_status":"open","ping_status":"closed","template":"","meta":[],"product_brand":[],"product_cat":[50],"product_tag":[44],"model":[],"class_list":{"0":"post-1415","1":"product","2":"type-product","3":"status-publish","4":"has-post-thumbnail","6":"product_cat-luxary","7":"product_tag-bmw","9":"first","10":"instock","11":"shipping-taxable","12":"purchasable","13":"product-type-simple"},"acf":[],"_links":{"self":[{"href":"https:\/\/sattrans.org\/index.php?rest_route=\/wp\/v2\/product\/1415","targetHints":{"allow":["GET"]}}],"collection":[{"href":"https:\/\/sattrans.org\/index.php?rest_route=\/wp\/v2\/product"}],"about":[{"href":"https:\/\/sattrans.org\/index.php?rest_route=\/wp\/v2\/types\/product"}],"replies":[{"embeddable":true,"href":"https:\/\/sattrans.org\/index.php?rest_route=%2Fwp%2Fv2%2Fcomments&post=1415"}],"wp:featuredmedia":[{"embeddable":true,"href":"https:\/\/sattrans.org\/index.php?rest_route=\/wp\/v2\/media\/1671"}],"wp:attachment":[{"href":"https:\/\/sattrans.org\/index.php?rest_route=%2Fwp%2Fv2%2Fmedia&parent=1415"}],"wp:term":[{"taxonomy":"product_brand","embeddable":true,"href":"https:\/\/sattrans.org\/index.php?rest_route=%2Fwp%2Fv2%2Fproduct_brand&post=1415"},{"taxonomy":"product_cat","embeddable":true,"href":"https:\/\/sattrans.org\/index.php?rest_route=%2Fwp%2Fv2%2Fproduct_cat&post=1415"},{"taxonomy":"product_tag","embeddable":true,"href":"https:\/\/sattrans.org\/index.php?rest_route=%2Fwp%2Fv2%2Fproduct_tag&post=1415"},{"taxonomy":"model","embeddable":true,"href":"https:\/\/sattrans.org\/index.php?rest_route=%2Fwp%2Fv2%2Fmodel&post=1415"}],"curies":[{"name":"wp","href":"https:\/\/api.w.org\/{rel}","templated":true}]}}